x**2 + 6*x + 10. Let j(k) = f(k) - 3*q(k). Suppose 29 - 11 = -3*w. Is j(w) composite?
False
Suppose 3*f = -0*f + 4083. Is f composite?
False
Suppose -2*y = -8 - 986. Let v = y - 244. Is v a composite number?
True
Let u(i) = -2*i - 8. Let p be u(-7). Suppose b - p*b = -y - 40, 5*y = 5*b - 100. Is 2/(-6) - 695/y a composite number?
True
Suppose -m - 2 = -3. Is (-1014)/(-8) - m/(-4) composite?
False
Suppose 2*n = 4*n + 46. Let w = 66 + n. Is w prime?
True
Let y(h) = -5*h**3 + h**2 - h + 1. Let v be y(2). Let j = 263 + v. Let d = 411 - j. Is d composite?
True
Is ((-844)/(-6))/((-38)/(-57)) a composite number?
False
Let n(p) = -1 + 5*p**2 + p + p + p**2. Suppose 2*s + 2 = -2*v, 0*s = v - s - 3. Is n(v) a prime number?
True
Suppose 25 = 5*w, 4*i + 5*w - 666 = -129. Suppose 0*f - 9 = -3*f. Suppose 0 = -x - m + i, 4*x - 510 = m - f*m. Is x composite?
False
Suppose -2*f = -2*u + 90, 5*f = 2*u - 116 + 32. Suppose p - u = -0*p. Is p a prime number?
True
Let j = 14 + -22. Let f(h) = -10*h - 3. Is f(j) prime?
False
Let z be (-2 + 1)*1*0. Suppose z = -3*y + 23 + 208. Is y composite?
True
Let m(l) = -l**2 + 27*l + 1. Is m(20) prime?
False
Let f be 6*((-3)/(-2) - 1). Suppose l + 2*t = 315, f*l = -l - t + 1288. Is l composite?
True
Let j(t) = -t**3 - 8*t**2 - 6*t - 5. Let s be j(-7). Let a be 327/7 - s/42. Let u = 73 - a. Is u composite?
True
Suppose -2*y + 5*y - 12 = 0. Suppose 0 = -y*h + 3*h + 3. Suppose 4 = -h*w + 10, w - 20 = -2*b. Is b prime?
False
Let g be 4/((-1)/(-1) + 1). Let y(h) = 5*h**g - 2*h + h**3 - 7 - 2*h - 2*h**2 - 4*h**2. Is y(6) a prime number?
True
Let j(u) = 2*u - 6. Let m be j(4). Let p(n) = 4*n + 3*n**m + 3*n**2 - 2*n**2 - 11 - 3*n**2. Is p(8) composite?
True
Let a be (6/(-8))/(2/(-24)). Is (-3 + a)*291/6 composite?
True
Let u(n) = 84*n**2 + 3*n + 4. Is u(3) a composite number?
False
Let x(h) = -71*h - 2. Is x(-3) prime?
True
Is 1*0/(-2) + 163 a composite number?
False
Let x = 133 + -496. Let y = 727 + x. Suppose -t + 5*t - 486 = 2*r, -y = -3*t + r. Is t a prime number?
False
Is (45 + 1142)*(2*1)/2 composite?
False
Let y = -14 + 9. Let m = 6 + y. Let k(x) = 88*x**2 + 1. Is k(m) prime?
True
Is 86192/40 - (-1)/5 composite?
True
Let k be (-2)/1 - (-9)/3. Let x(p) = -3 + 9*p**2 + 2*p + 21*p**2 + 2. Is x(k) composite?
False
Suppose -426 = -13*p + 7*p. Is p prime?
True
Suppose -3*m - h = -5*h + 28, -3*h = -2*m - 20. Let b be (-3)/(6/m*-1). Is (3 - 4) + (-6)/b composite?
False
Let o(f) = -13*f + 5*f**2 - 14*f + 20*f - 7. Let j(t) = t**2 + 2*t - 2. Let q be j(-4). Is o(q) composite?
False
Suppose 4*n - 19 = -t + 19, -2*t - 44 = -4*n. Let i = -26 - -18. Is 384/n + i/20 a composite number?
True
Let n = 942 - 603. Is n composite?
True
Let l(w) = -w**2 - 2*w + 491. Is l(0) a composite number?
False
Suppose 0 = -3*u - 4*c + 894 + 667, 4*c = -8. Is u a prime number?
True
Suppose -3*z + 0*z = l - 4, l + 8 = z. Is z composite?
False
Let k(v) = -v. Let q be k(-4). Suppose -2*a + 2 = q. Is a - -36 - (1 + 1) prime?
False
Suppose -2*w - 19 = -10*l + 5*l, -w = 5*l - 13. Suppose -a + 541 = q, l*a + 513 = q - 28. Is q a composite number?
False
Let u(p) = -49*p - 5. Let t(d) = d + 6. Let f be t(-5). Let l(h) = -5*h + 1. Let z be l(f). Is u(z) a prime number?
True
Let q(f) = 3*f**2 + f - 4. Let w be q(-3). Suppose -3*v = -5*d + 299 + 381, w = 4*v. Is d prime?
True
Suppose 33*i = 31*i + 10102. Is i a prime number?
True
Let x(k) = k**2 + k - 4. Let s be x(-3). Suppose -4*q - 33 = -297. Suppose -a + q = s*a. Is a composite?
True
Let j(r) = r**3 + 4*r**2 + 2*r + 1. Let y be j(4). Suppose -y = -3*t - 2*i, -3*t + 0*i = 3*i - 141. Is t a prime number?
True
Let w(a) = a**2 - 21*a - 9. Is w(-8) prime?
True
Let p(y) = 25*y**2 - 3. Let q be p(3). Is (q/18)/((-1)/(-9)) composite?
True
Suppose 72*o = 69*o + 879. Is o a prime number?
True
Let p be 2 - (-1 - -3 - -1). Let d be (0/(-1))/(2 + p). Suppose d = 3*x - 2*x, -5*x - 188 = -4*l. Is l a composite number?
False
Suppose -3*x - 3*y + 185 = 2*y, -200 = -4*x + 5*y. Is x composite?
True
Suppose p - 3 = t - 1, -4*t + 5*p = 4. Is t*(-2)/((-8)/(-22)) a composite number?
True
Let z = -563 + 4834. Is z a composite number?
False
Let b(k) = 2 + 0 - 8 + 47*k. Let v(z) = 24*z - 3. Let a(w) = 3*b(w) - 5*v(w). Is a(2) prime?
False
Let c(w) = -20*w - 4. Let y be c(-8). Suppose l = -1, -3*g + 2*l - 5*l + y = 0. Is g prime?
True
Is (2 + 1 - (-464)/1)/1 a composite number?
False
Let f be 4*(2/4 + -2). Let n be (f - 41)/(-1*1). Suppose 2*i - 3*i = -n. Is i a composite number?
False
Let u(d) be the first derivative of d**4/4 + 2*d**3 + 5*d**2/2 - d + 2. Is u(-4) composite?
False
Suppose 33 = -3*k + 804. Is k a prime number?
True
Let d = -4 + 7. Suppose -d*g - 508 = -7*g. Is g composite?
False
Let m(p) = -p**3 - 8*p**2 - 2. Let w be m(-8). Is 118*w*28/(-16) composite?
True
Let b(i) = i**2 - 8*i - 3. Let c be b(9). Let a be c/(-3) + 0 - -8. Is ((-30)/a)/(1/(-19)) a prime number?
False
Let n(p) be the first derivative of 2*p**3/3 - 3*p - 3. Is n(5) a composite number?
False
Let h = -146 + 269. Is h prime?
False
Let y(p) = -98*p - 11. Is y(-5) a composite number?
False
Let o = -494 - -991. Is o a prime number?
False
Let y = -313 + 518. Suppose 4*j + j = y. Let l = j - 4. Is l prime?
True
Let c = 381 - 130. Is c a prime number?
True
Let s(b) = 0*b + 3*b**2 + b**2 + 2 + 4*b. Let a be (12/15)/(4/(-10)). Is s(a) prime?
False
Let m(z) = -z**3 - 5*z**2 + 5*z - 2. Let p be m(-6). Suppose 2*j - 448 = -0*f + 2*f, p*f = j - 227. Is j prime?
True
Let g be 2 + -1 + (-3 - -5). Is 238/g - 4/12 a composite number?
False
Let g = 17 + -12. Suppose -2*v + 7 = 1, g*z + 4*v - 542 = 0. Is (z/(-5))/(4/(-10)) a composite number?
False
Let r be 2 + 732/(4 - 2). Suppose -3*u - 113 = -r. Is u composite?
True
Suppose -5*u + 4*q = 467, u - 3*q - 196 = 3*u. Let y be (-1)/(-5) - u/25. Suppose -3*a - 66 = -w - 230, -y*w = -4. Is a a prime number?
False
Let y(r) = r - 3. Let i(t) = -1. Let k(n) = -2*i(n) + y(n). Let o be k(-1). Is (0 - -14) + -2 + o composite?
True
Let a(t) = 2*t**2 - t - 6. Let z be a(6). Let g = z + 55. Is g composite?
True
Let c = 271 + -192. Is c a prime number?
True
Let i(h) = -h**3 + 5*h**2 + 7*h - 4. Let g be i(6). Suppose -4 = -u - g. Let d(z) = 38*z**2 + 3*z - 3. Is d(u) composite?
True
Let m = -8 - -21. Let j = 6 + m. Is j prime?
True
Suppose 6*u - 4*u = 0. Let a(v) = 16*v**2 + v + 1. Let k be a(5). Suppose 0*r - 3*r = -3*s - 603, u = 2*r - s - k. Is r composite?
True
Suppose 4*b - 700 = 4144. Is b a composite number?
True
Suppose 0 = 4*h + 213 - 629. Let g be (-4)/12 + (-20)/(-6). Suppose 3*n - g*c - h = n, c - 57 = -n. Is n composite?
True
Suppose 5*z - 431 = 684. Is z a composite number?
False
Let u(c) = c**3 - 6*c**2 - 5*c - 5. Let v be u(7). Is (-6)/v*(-1962)/12 a composite number?
False
Suppose -7*d = -4*l - 3*d + 2536, -l - 4*d = -619. Is l prime?
True
Is (-3)/(-15)*(4390 - 5) composite?
False
Suppose -2*l = -77 - 23. Let k = l - 3. Suppose -2*w + 3*t + k = 0, -3*w - 2*t + 58 = 7. Is w prime?
True
Let x(z) = z**2 + 3*z - 8. Let o = 4 + -10. Is x(o) a composite number?
True
Let u(s) = 4*s**2 + 4*s - 1. Is u(-5) composite?
False
Suppose -2*l + 4*v + 19 = l, -5*v - 20 = 0. Is (-2)/l*(-155)/10 composite?
False
Suppose 3*p + 5 - 41 = 2*j, -3*j = -5*p + 60. Let w(u) = 6*u + 15. Is w(p) prime?
False
Let v be 70/15 + (-2)/(-6). Suppose 34 = 3*o - v*q, o - 40 = 5*q - 12. Is o a prime number?
True
Suppose -5*s + 42 = -913. Is s a composite number?
False
Let z be 2 + (-1 + 23)*1. Suppose -5*y - 139 = -5*m - z, 0 = 3*m - 5*y - 65. Is m a prime number?
False
Suppose 2*s = -2*s. Suppose 3*n - 1221 = -3*c, 2*n = 2*c - s*n - 798. Suppose -z - 2*a + 75 = 0, -3*z = 2*z - 4*a - c. Is z composite?
False
Let k = 2 - -2. Suppose 3*c + 3 = k*c. Suppose 4*w + 36 = -0*t + 2*t, -76 = -c*t - 5*w. Is t composite?
True
Let f = -664 + 1421. Is f prime?
True
Suppose -3 = 5*j - 38. Let q(v) = 0*v + 4*v - v + j - 4*v. Is q(0) prime?
True
Suppose 4*a - 980 = 6704. Is a prime?
False
Let t be (-136)/(-36) + (-4)/(-18). Suppose t*l + 769 = 3*u, u + 5*l - 4*l = 261. Suppose -5*x - w + 4*w + 433 = 0, 0 = 3*x - 2*w - u. Is x composite?
False
Suppose -2*u + 96 = -z, -3*z - 2*z = 10. Suppose -9 - 12 = -c - 4*t, -4*t + u = 3*c. Is c prime?
True
Suppose -2*v + 4*v - 4*s = 38, 5 = 5*s